o be s(-2). Let w be (93/(-62))/(1/(-1318)). Suppose o = 5*f - w. Is f prime?
False
Let q = -7 - -3. Is 69315/10 + 2/q composite?
True
Is (10*(-11)/(-330))/(1/12147) composite?
False
Suppose -5*n = 20, -4*l + 4*n + 10 + 6 = 0. Suppose -y - 7962 = -2*w + 3*y, l = -4*w + y + 15959. Is w composite?
True
Let a(l) = l - 9. Let n(u) = -2*u + 18. Let c(m) = -5*a(m) - 2*n(m). Let i be c(11). Let s(j) = 30*j**2 - 3*j - 5. Is s(i) prime?
False
Let h be (-1)/(-5) - (-940)/50. Let q = -16 + h. Is 395*q/3*1 a composite number?
True
Let g(n) = 11379*n - 51. Let i be g(-9). Is i/(-24) + 2/(-8) a prime number?
False
Let w = 27724 + -14429. Is w prime?
False
Is 18/54 + (1 - (-149602)/6) composite?
True
Let h(u) = -u**3 + 8*u**2 + 7*u - 10. Let y = 28 + -19. Let p be h(y). Let a = 31 - p. Is a a composite number?
False
Suppose -2*r - 9*l + 5*l + 127866 = 0, 255741 = 4*r + 5*l. Is r a prime number?
False
Let w(i) = -13*i**3 + 1. Let b be w(1). Let j be (0 - 2)*(-2 + 3)*-9. Let p = b + j. Is p composite?
True
Let d(f) = -f**2 - 12*f - 19. Let x be d(-9). Suppose x*k = 4*i + 3*k - 20784, 5*k - 10422 = -2*i. Is i a composite number?
True
Suppose -6*w - 6 = -7*w. Let g = w - -327. Suppose -67 - 45 = -l + 2*u, 3*l - g = 5*u. Is l a prime number?
False
Let m(r) = 120*r**3 - 8*r**2 - 5. Is m(3) a prime number?
True
Let w(x) be the third derivative of -53*x**6/120 + 13*x**4/24 + x**3/2 - 35*x**2. Is w(-4) a composite number?
False
Let a be 1/(((-4)/(-1))/(-4)) - -1001. Suppose -3*z = c - 2*z + 590, z = -3. Let h = c + a. Is h a composite number?
True
Let r(a) = a**3 + 6*a**2 + 10*a + 17. Let j be r(-5). Is (-9)/12 - 1054/j a prime number?
True
Let g(t) = 77*t**2 - 15*t + 39. Is g(5) composite?
False
Let h(k) = 803*k**3 + k**2 - 8*k + 3. Is h(2) prime?
False
Let i(w) = -2*w - 12. Let b be i(-6). Suppose -6*t - 7174 + 32236 = b. Is t a composite number?
False
Let i be ((-3)/(-2))/((-3)/(-3378)). Suppose -10*o - 259 + i = 0. Is o prime?
False
Is 2 + (-20928)/(28/(-7)) a prime number?
False
Let v(x) = 4*x**2 - x - 1. Let y be v(-1). Let d(a) = -a - 2*a - 10 - 10 + 31*a**2 + 2*a + 15. Is d(y) a composite number?
False
Let t = -1494 - -3251. Is t a composite number?
True
Let a(b) = 20*b**2 + 6*b + 9. Let v(w) = 3*w + 10. Let r be v(-6). Is a(r) a composite number?
True
Let v be 1*5*(-12)/15. Let a be (24/(-10))/((-69)/(-15) + -5). Is 326 - 2/(v/a) a composite number?
True
Let j be ((60/(-8))/(-1))/(15/20). Let n(m) = m**3 - 8*m**2 - 12*m - 13. Is n(j) a composite number?
False
Suppose 0*n + 4*p = -4*n + 30516, 0 = n + 3*p - 7629. Is n a composite number?
True
Suppose 5*q - 4571 = w, 2*w - 4*q = -2*q - 9142. Let r = -2134 - w. Is r a composite number?
False
Let b(r) = 2*r**2 - 5*r + 8. Let a be b(4). Let s = -19 + a. Is (888/16)/(s/2) prime?
False
Let l be (0 + -3)/3 - -3. Suppose 4*c - 10 = -3*k + k, -4*c = -l*k - 6. Suppose -166 = c*x - 4*x. Is x composite?
False
Let i be 2/(-5)*530*-1. Let l(k) = k**3 - 4*k**2 - 15*k + 9. Let z be l(10). Let t = z - i. Is t prime?
False
Let f be (0/(-1) - 1) + 0. Let d(z) = z**2 - 2*z - 2. Let v be d(f). Is (v - -2)/(3/87) prime?
False
Let n(c) = c**3 + 7*c**2 + 10*c + 15. Let b be n(11). Let g = b - 1602. Is g a composite number?
False
Suppose 0 = 3*k + 5*z + 3838, -3*z = -k + 2*z - 1306. Let d = -468 - k. Is d prime?
False
Is (458904/(-32))/(6/(-40)) a prime number?
False
Let q be ((-12)/(-10))/(16/(-200)*-5). Suppose -3*u + 6078 = q*l, 2*l + 0*l - 4070 = 4*u. Is l a composite number?
False
Let u = 85 + -85. Suppose u = g - 9. Is g a prime number?
False
Let p = -133 + 17. Let w = p + 135. Is w a composite number?
False
Suppose 4*x - 35224 = -4*a, -33925 + 7525 = -3*a + 3*x. Is a composite?
False
Suppose 0 = 6*q - 2*q - 16. Suppose 4*d - q*r + 6*r = 472, 2*d + 3*r = 236. Is d a prime number?
False
Let k = 0 - 4. Let h be (28 + 5)*k/(-6). Let u = 36 - h. Is u a prime number?
False
Suppose -3*h - 153 = h - w, 4*h = -w - 159. Let r be (-13)/h - (-2)/3. Is r/(-3)*(-3652 + -5) a prime number?
False
Let g = 12 - 8. Let k(r) = 54*r + 6. Let b be k(g). Suppose 4*a = 806 + b. Is a prime?
True
Let v = 122 + 478. Let k = v + -121. Is k a prime number?
True
Suppose -4862 = 9*o + 17773. Let j = -1298 - o. Is j composite?
False
Suppose 4*s = 5*u + 126, u - 2 = 2*u. Suppose s = 5*w - 3*o - 222, 0 = o - 3. Let t = w - 5. Is t composite?
False
Let i be 20/6 + 2/(-6). Is 197/(0 + i/21) a prime number?
False
Is -1 - -7 - (-11 + -25968 + 16) a composite number?
False
Suppose 44683 = -865*l + 866*l. Is l composite?
False
Is 3/(-2)*(-11 - (-159131)/(-21)) prime?
True
Suppose 81 = 3*m - 1380. Is m a prime number?
True
Let z(w) = -3*w - 4. Let i be z(-7). Let x = i + -209. Let l = 455 + x. Is l prime?
True
Let p(m) = -189*m - 1. Let f be p(2). Is (f/(-3))/((-1)/(-3)) composite?
False
Let i(g) = -g**3 + 14*g**2 - 3*g + 23. Is i(11) composite?
False
Suppose 0 = -4*j + j + 72. Let o = j + -25. Is ((-11)/33)/(o/753) prime?
True
Let y be (-4168)/(-6) + (-4)/6. Suppose 5*u - 3*z = -7*z + y, -4*z - 272 = -2*u. Let b = 385 - u. Is b a prime number?
False
Let a(y) = -83 + 2*y**3 + 0*y + y + 84. Let g be a(-2). Let x = 24 + g. Is x a prime number?
True
Let s(h) = h + 10*h**2 - 8 + 2 + h**3 + 5*h + 2*h. Let x be s(-9). Suppose z + b - 41 = -3*b, -4*z = -x*b - 126. Is z a prime number?
False
Let u(l) = l**3 - 9*l**2 + 10*l - 7. Let r be u(8). Suppose 11*c - r*c + 18 = 0. Let j(d) = -d**3 - 3*d**2 + 13*d + 2. Is j(c) a composite number?
True
Let l be 6378/(-27) - 2/(-9). Suppose -3*d = -5*k - 1597, -4*d - 5*k = -10*k - 2131. Let n = d + l. Is n composite?
True
Suppose -y + 9*y = 5*y. Suppose y = -p - p - 4, -5*o + 1741 = -3*p. Is o a composite number?
False
Suppose -9 = -2*y - y. Let j = y + -9. Let x(o) = -16*o - 7. Is x(j) a composite number?
False
Suppose 2*n - n = -2*l - 6, l = 2. Let y = 104 + n. Is y prime?
False
Suppose 4*x = -m - 0*m - 1418, 2*x - 4*m = -700. Is -3 + (9 - 8) - (-1 + x) composite?
False
Let d be (-8)/(-60) - (-986)/30. Suppose 3*y - d + 9 = 0. Suppose 22 = -y*j + 9*j. Is j a composite number?
True
Let l be (6/4)/((-13)/26). Let j be (l - -2)/((-1)/2). Suppose 2*p = -j*p + 268. Is p a composite number?
False
Let x(k) = -13 + 3*k + 4*k**2 - 2*k + 22 + 3*k**3. Let n(c) = c**3 - c**2 - c + 1. Let g(l) = 2*n(l) - x(l). Is g(-8) prime?
False
Let o(r) = -8*r**3 - 3. Is o(-3) a prime number?
False
Let x(f) = 57*f**2 - 2*f - 1. Let q be (-2)/6 + 10/30. Suppose -o - 9 + 8 = q. Is x(o) prime?
False
Let o(f) = 3*f**3 - f**2 + f + 29. Is o(10) composite?
False
Let z(w) = -18*w - 2. Let c be z(-6). Is -2*14/(-8)*c composite?
True
Suppose -3287 = 5*b - 422. Let i(l) = -103*l**2 + l + 4. Let y be i(-3). Let d = b - y. Is d prime?
True
Let f(h) = 128*h - 67. Is f(3) composite?
False
Suppose v = 5*d + 1215, 0*d = -3*v + 3*d + 3657. Let l = v + -553. Is l a prime number?
False
Let j(f) = f + 1. Let l be j(5). Suppose 0*q = -5*q + 15. Let y = l - q. Is y prime?
True
Is 1186*(-3 + (-520)/(-16)) prime?
False
Let p(i) = -i**3 + 12*i**2 + 3*i - 30. Let h be p(12). Suppose -9*g = -h*g - 873. Is g a composite number?
True
Suppose 5*h = 2*h - z + 10, -3*h - 2*z + 8 = 0. Suppose l = -h*l + 130. Suppose 4*k = 122 + l. Is k prime?
True
Let w(d) = 516*d**2 - 10*d + 4. Suppose v + 4 - 7 = 0. Is w(v) a composite number?
True
Suppose 0 = 5*i + l - 5040, -11*i - 4*l = -8*i - 3007. Is i a composite number?
False
Suppose 0 = -q - q + 586. Suppose -2*z = -q - 153. Suppose 5*f = -53 + z. Is f prime?
False
Suppose -3*u - 224 = -4*u. Suppose -3*n - 2*i = -310, 2*n = i + 2*i + u. Suppose -100 = -2*y - 3*k, 5*y = -4*k + 137 + n. Is y composite?
False
Suppose 5*a = f - 54, -70 = 5*a - 9*f + 4*f. Is (-3315)/a - (-3)/(-6) prime?
True
Let c = -10 + -21. Let d = c - -268. Is d a composite number?
True
Let x(o) be the second derivative of o**4/12 - 5*o**3/6 + o**2 - 7*o. Let i be x(5). Suppose i*n - 721 = 345. Is n composite?
True
Let c(p) be the third derivative of -1/60*p**5 + 0 - 1/24*p**4 + 203/6*p**3 + 0*p + 6*p**2. Is c(0) composite?
True
Let j = 47812 + -25859. Is j a prime number?
False
Let f be (20/(-24))/((-7)/6 + 1). Suppose 4*l + f*p = 2779, -4*p + 476 = l - 227. Is l composite?
False
Let h = -305 - -354. Is h composite?
True
Let w be (-19043)/(-5) - 3/5. Let y = 6131 - w. Is y prime